5. Let d(b) = -6*b. Let k be d(1). Let u be h(k). Let z be (30/2)/1 + u. What is the highest common divisor of z and 4?
4
Let k = -582 - -942. What is the highest common divisor of k and 45?
45
Suppose -3*k + w + 94 = 16, -k + 4*w + 26 = 0. What is the greatest common factor of k and 208?
26
Suppose 0 = 3*s - 0*p + 5*p + 53, 2*p = -4*s - 80. Let x = s - -26. What is the highest common divisor of x and 35?
5
Let w(c) = -c**2 - 35*c - 42. Let j be w(-33). Calculate the highest common divisor of 12 and j.
12
Let a = -6 + 11. Suppose -3*x - 6 = 0, 5*y - 13 - a = 4*x. Suppose -3*b = 17 - 59. What is the greatest common factor of y and b?
2
Let u(t) = t**2 - 5*t - 6. Let f be u(9). Suppose -86*k + 80*k = -1260. What is the highest common factor of f and k?
30
Let t = 12 + -11. Let c be -2 + 10 - (-2 + t). Suppose 5*k + 2*r = 3, k + r = 2*k - 2. Calculate the highest common divisor of c and k.
1
Let v = 874 + -442. What is the highest common divisor of 36 and v?
36
Let u(m) = m**2 + 2*m + 4. Let i be u(0). Suppose -54 = -3*d + 4*y, 0 = -i*d - 5*y - 0*y + 41. Calculate the highest common divisor of 21 and d.
7
Let c(n) = -50*n - 897. Let y be c(-21). Calculate the highest common divisor of y and 425.
17
Let q(v) = 6*v**2 + 4*v + 3. Let i be (-4)/(-10) + (-12)/5. Let g be q(i). Suppose -3*k + g = -20. What is the greatest common divisor of k and 65?
13
Suppose 4*i + 0*u - 324 = 4*u, -3*u = -5*i + 409. Suppose 3*y - 3*k - 63 = 0, -k + i = 4*y - 4*k. What is the greatest common factor of y and 60?
20
Let z(b) = -b**3 + 8*b**2 - 11*b + 14. Let a be z(5). Let w(k) = -k**2 - 14*k + 3. Let d be w(-8). Calculate the highest common divisor of d and a.
17
Suppose 0 = -15*m + 81 + 39. What is the highest common factor of m and 216?
8
Suppose 4*w = -0*r + 4*r + 164, 0 = w - 4. Let k = r + 49. What is the greatest common divisor of 30 and k?
6
Let m be (0 - (-12)/4) + 3. What is the highest common factor of m and 3?
3
Let o be 28/(-98) + (-794)/14. Let f = -39 - o. Let g be (50/15)/((-4)/(-54)). Calculate the highest common divisor of g and f.
9
Let g = 143 + -5. Suppose 2*i + 4*h - 45 = -7, 0 = -4*i - 4*h + 84. What is the greatest common divisor of i and g?
23
Let b be -2 - (0 + -55) - -2. Suppose 0 = 5*q - 4*o - 122, 0 = -4*q - 0*o - 5*o + 73. What is the highest common factor of b and q?
11
Let i = -1807 + 1937. What is the greatest common divisor of 1235 and i?
65
Let n = 9 + -27. Let a = 18 + n. Suppose 4*x + j = 184, -3*x + j + 3*j + 119 = a. Calculate the highest common divisor of x and 5.
5
Let j = 463 - 276. Calculate the highest common divisor of j and 68.
17
Let m(l) = l**3 + 12*l**2 - 2*l - 4. Suppose -48 = 3*a + a. Let n be m(a). Suppose -20 = -3*u - u. Calculate the greatest common factor of u and n.
5
Let m(k) = -k**2 - 1 + 19*k - 9*k + 7. Let h be 1 + 7 - (-5)/5. Let n be m(h). What is the greatest common factor of n and 15?
15
Suppose 55*m - 11871 = -4446. What is the highest common factor of 180 and m?
45
Let h be 13/(13/(-744))*(-2)/6. What is the highest common divisor of 8 and h?
8
Let s = -105 + 155. Calculate the highest common divisor of s and 90.
10
Let q(w) = -3*w + 7. Let n be q(-4). Let v = -144 - -220. Calculate the greatest common divisor of n and v.
19
Suppose 4*h = 31 + 41. Calculate the highest common divisor of 72 and h.
18
Let c = -206 + 220. Calculate the greatest common factor of c and 28.
14
Let g be 1 + (-4 - -3 - -2). Let s be 5/(-10)*g*-5. Let r be 4/2 + (-1)/1. What is the greatest common factor of r and s?
1
Let k = 60 - 134. Let j be (-4 - k)/(-1)*-2. Calculate the greatest common factor of j and 14.
14
Let b(l) = l**2 + 9*l - 20. Let w be b(-10). Let v(r) = r**2 + 7*r - 26. Let y be v(w). What is the greatest common divisor of y and 6?
2
Let v(s) = s**2 - 39*s - 516. Let m be v(50). Suppose -5*k + 54 = -31. Calculate the highest common divisor of m and k.
17
Let m = -11 + 16. Suppose 28 = -2*t + 5*t - m*y, -t + 26 = -5*y. Calculate the highest common divisor of t and 2.
1
Let x = -45 + 201. Suppose -5*f + 9 + 16 = 0. Suppose -f*r - 6 = -x. Calculate the greatest common factor of r and 5.
5
Suppose 135 = 5*i + 5*o, -5*i = 5*o - 3*o - 129. What is the greatest common factor of 550 and i?
25
Let r(t) = -7*t**2 - 20*t + 1. Let h(q) = -10*q**2 - 30*q + 1. Let i(g) = 5*h(g) - 7*r(g). Let u be i(-4). What is the greatest common factor of 22 and u?
22
Let r(g) = -8*g + 3. Let k be r(-4). Suppose -d = 4*d - k. What is the highest common factor of d and 35?
7
Suppose 25 = 17*l - 12*l. Suppose -13 = -l*w + 72. What is the greatest common factor of w and 17?
17
Let j = -1026 - -1725. Suppose -3*s + 2*y + 706 = -2*y, 3*y = -3*s + j. What is the greatest common divisor of s and 26?
26
Let d be 5 + 2/(1*2). Let l be (-342)/(-7) - (-2184)/(-2548). Calculate the highest common factor of d and l.
6
Let c be 10/4 + (-957)/(-22). Calculate the highest common divisor of c and 115.
23
Let p be 4 + 1*2/4*2. Suppose 3*i = -p*s + 98, s - 106 = -4*s - i. Calculate the highest common factor of 110 and s.
22
Suppose 8 = 6*n - 4*n. Suppose 0 = -n*f + 3*b + 1037, -b + 6*b = 5*f - 1300. Let x = 473 - f. Calculate the highest common factor of 24 and x.
24
Let w = -24 + 17. Let d be 54/w*(-42)/9. Let q be -2*(-3)/12*24. Calculate the greatest common divisor of d and q.
12
Let q(i) = 5*i - 1. Let g be q(1). Let h be ((-15)/(-3))/(-10)*-4. Suppose u - z - z = 46, h*z = -2. Calculate the highest common divisor of g and u.
4
Let l(v) = 3*v - 2. Let q be l(-6). Let b = q + 30. Suppose 97*o = 92*o + 300. Calculate the greatest common divisor of b and o.
10
Let m = -522 + 792. Calculate the highest common divisor of m and 108.
54
Suppose 3*w - 4*w + 2 = 0. Let y(j) = j**w + 12*j - 4*j**2 + 9 - j**2 + 3*j**2. Let s be y(12). What is the highest common divisor of 63 and s?
9
Let g be (-3*(-1)/3)/(12/60). What is the highest common divisor of 95 and g?
5
Suppose 4*t - 96 = -0*t - 2*z, t - 2*z - 14 = 0. Suppose 10*v - 8*v - t = 0. Calculate the highest common factor of v and 11.
11
Suppose -3*h + 8 + 27 = 5*w, -3*w + 3*h = -21. Let n(y) = 19*y - 7. Let o be n(w). Let d be 15*1 + (-2)/2. What is the highest common divisor of d and o?
14
Let k(n) = n**3 - n**2 + 15*n - 25. Let r be k(3). Calculate the greatest common factor of 8 and r.
2
Suppose 32*q - 37*q = -110. Let l = -18 + q. What is the highest common factor of 28 and l?
4
Let l(w) = w**2 - 5*w + 16. Let o be l(9). Suppose 5*p - 3 - o = -a, -12 = -3*p. What is the greatest common factor of a and 280?
35
Suppose 289 = 2*q - 151. Suppose -h + 60 = -3*z, 8*h - 3*h + 5*z - q = 0. Suppose -l - 24 = -5*l. Calculate the highest common divisor of l and h.
6
Suppose y = 2*p - 6, 0 = y + 6 - 4. Let o = 1 + p. Let v be o - (3 + -1 + -71). What is the highest common divisor of 8 and v?
8
Let k = -16 - -27. Suppose 2*o + 5 + k = 0. Let b be ((-45)/1)/(6/o). Calculate the greatest common factor of b and 10.
10
Suppose -5*j + 15 = 0, -3*j - 1533 + 462 = -5*p. Calculate the highest common factor of p and 81.
27
Let t be 4 - (2/(-3))/((-4)/(-6)). Suppose 4*a - 3*i - 15 = 0, 19 = t*a + 4*i + 8. What is the greatest common divisor of a and 1?
1
Let a be (40/30)/((-1)/(-42)). Let t(n) = 6*n + 1. Let u be t(1). Calculate the greatest common factor of a and u.
7
Let a be -4*((-27)/6 - 1/(-2)). Let l(i) = i**3 - 6*i**2 + i + 6. Let q be l(6). Calculate the highest common factor of q and a.
4
Suppose -3*y - w + 3*w - 194 = 0, -3*y = -w + 190. Let b = y + 67. What is the greatest common factor of 40 and b?
5
Let q be (-4640)/(-406) + 8/14. Let h = 6 - -18. What is the greatest common divisor of q and h?
12
Let p = 28 + 80. What is the highest common factor of p and 48?
12
Let k = -66 + 42. Suppose 3*w - v + 49 = 0, 2*w + 34 - 2 = v. Let h = w - k. What is the greatest common divisor of h and 7?
7
Let l be 4 - (-13 - 3)/2. Suppose 43 = p - 3*c, c - 165 = -4*p + 6*c. Suppose p = 4*z + 16. Calculate the greatest common divisor of l and z.
6
Suppose 2*v + 7 = 25. Let f = -1492 - -1501. What is the highest common divisor of f and v?
9
Let x = 311 + -262. Calculate the greatest common divisor of 112 and x.
7
Let p = -444 - -455. What is the highest common divisor of 121 and p?
11
Let n(a) = -2*a**3 + 66*a**2 - a + 43. Let g be n(33)